{"id":1067,"date":"2023-08-04T19:24:54","date_gmt":"2023-08-04T17:24:54","guid":{"rendered":"https:\/\/www.sardinien-insel.org\/imprint\/"},"modified":"2023-08-04T19:24:58","modified_gmt":"2023-08-04T17:24:58","slug":"imprint","status":"publish","type":"page","link":"https:\/\/www.sardinien-insel.org\/en\/imprint\/","title":{"rendered":"Imprint"},"content":{"rendered":"\n<p>Angaben gem\u00e4\u00df \u00a7 5 TMG<\/p><div class='code-block code-block-1' style='margin: 8px 0; clear: both;'>\n<script async src=\"https:\/\/pagead2.googlesyndication.com\/pagead\/js\/adsbygoogle.js?client=ca-pub-0730572463267591\"\n     crossorigin=\"anonymous\"><\/script>\n<!-- Sardinien-2024 -->\n<ins class=\"adsbygoogle\"\n     style=\"display:block\"\n     data-ad-client=\"ca-pub-0730572463267591\"\n     data-ad-slot=\"2556027214\"\n     data-ad-format=\"auto\"\n     data-full-width-responsive=\"true\"><\/ins>\n<script>\n     (adsbygoogle = window.adsbygoogle || []).push({});\n<\/script><\/div>\n\n\n<p><span style=\"unicode-bidi: bidi-override; direction: rtl;\">gatreieF nomiS<\/span><br\/><span style=\"unicode-bidi: bidi-override; direction: rtl;\">01 negnarsooM mA<\/span><br\/><span style=\"unicode-bidi: bidi-override; direction: rtl;\">frodnremmA 41609<\/span><br\/>E-mail: <span style=\"unicode-bidi: bidi-override; direction: rtl;\">gro.lesni-neinidras@ofni<\/span><br\/>Tel: <span style=\"unicode-bidi: bidi-override; direction: rtl;\">8199807 7219 94+<\/span><\/p>\n\n<p><strong>Vertreten durch: <\/strong><br\/>Simon Feiertag<\/p>\n\n<p><strong>Kontakt:<\/strong><br\/>E-mail: <span style=\"unicode-bidi: bidi-override; direction: rtl;\">gro.lesni-neinidras@ofni<\/span><br\/>Tel: <span style=\"unicode-bidi: bidi-override; direction: rtl;\">8199807 7219 94+<\/span><\/p>\n\n<p><strong>Umsatzsteuer-ID:<\/strong><br\/>Umsatzsteuer-Identifikationsnummer gem\u00e4\u00df \u00a727a Umsatzsteuergesetz: DE294392711<\/p>\n\n<p><strong>Verantwortlich f\u00fcr den Inhalt nach \u00a7 55 Abs. 2 RStV:<\/strong><br\/><span style=\"unicode-bidi: bidi-override; direction: rtl;\">gatreieF nomiS<\/span><br\/><span style=\"unicode-bidi: bidi-override; direction: rtl;\">01 negnarsooM mA<\/span><br\/><span style=\"unicode-bidi: bidi-override; direction: rtl;\">frodnremmA 41609<\/span><\/p>\n\n<p><strong>Haftungsausschluss: <\/strong><\/p>\n\n<p><strong>Haftung f\u00fcr Inhalte des Onlineangebotes<\/strong><\/p>\n\n<p>Die Inhalte unserer Internetseiten wurden mit gr\u00f6\u00dfter Sorgfalt erstellt. F\u00fcr die Richtigkeit, Vollst\u00e4ndigkeit und Aktualit\u00e4t der Inhalte k\u00f6nnen wir jedoch keine Gew\u00e4hr \u00fcbernehmen. Als Diensteanbieter sind wir gem\u00e4\u00df \u00a7 7 Abs.1 TMG f\u00fcr eigene Inhalte auf diesen Seiten nach den allgemeinen Gesetzen verantwortlich. Nach \u00a7\u00a7 8 bis 10 TMG sind wir als Diensteanbieter jedoch nicht verpflichtet, \u00fcbermittelte oder gespeicherte fremde Informationen zu \u00fcberwachen oder nach Umst\u00e4nden zu forschen, die auf eine rechtswidrige T\u00e4tigkeit hinweisen. Verpflichtungen zur Entfernung oder Sperrung der Nutzung von Informationen nach den allgemeinen Gesetzen bleiben hiervon unber\u00fchrt. Eine diesbez\u00fcgliche Haftung ist jedoch erst ab dem Zeitpunkt der Kenntnis einer konkreten Rechtsverletzung m\u00f6glich. Bei Bekanntwerden von entsprechenden Rechtsverletzungen werden wir diese Inhalte umgehend entfernen. Rechtsverletzungen werden wir diese Inhalte umgehend entfernen. Haftungsanspr\u00fcche gegen den Autor, welche sich auf Sch\u00e4den materieller oder ideeller Art beziehen, die durch die Nutzung oder Nichtnutzung der dargebotenen Informationen bzw. durch die Nutzung fehlerhafter und unvollst\u00e4ndiger Informationen verursacht wurden, sind grunds\u00e4tzlich ausgeschlossen. Alle Angebote sind freibleibend und unverbindlich. Der Autor beh\u00e4lt es sich ausdr\u00fccklich vor, Teile der Seiten oder das gesamte Angebot ohne gesonderte Ank\u00fcndigung zu ver\u00e4ndern, zu erg\u00e4nzen, zu l\u00f6schen oder die Ver\u00f6ffentlichung zeitweise oder endg\u00fcltig einzustellen.<\/p>\n\n<p><strong>Links und Verweise<\/strong><\/p>\n\n<p>Bei direkten oder indirekten Links (Hyperlinks) und oder Verweisen auf externe Webseiten Dritter, die au\u00dferhalb des Verantwortungsbereiches des Autors liegen, w\u00fcrde eine Haftungsverpflichtung ausschlie\u00dflich in dem Fall in Kraft treten, in dem der Autor von den Inhalten Kenntnis hat und es ihm technisch m\u00f6glich und zumutbar w\u00e4re, die Nutzung im Falle rechtswidriger Inhalte zu verhindern. Der Autor erkl\u00e4rt hiermit ausdr\u00fccklich, dass zum Zeitpunkt der Linksetzung keine illegalen Inhalte auf den zu verlinkenden Seiten erkennbar waren. Auf die aktuelle und zuk\u00fcnftige Gestaltung, die Inhalte oder die Urheberschaft der verlinkten und oder verkn\u00fcpften Seiten hat der Autor keinerlei Einfluss. Deshalb distanziert er sich hiermit ausdr\u00fccklich von allen Inhalten aller verlinkten und oder verkn\u00fcpften Internetseiten, die nach der Linksetzung ver\u00e4ndert wurden. Diese Feststellung gilt f\u00fcr alle innerhalb des eigenen Internetangebotes gesetzten Links und Verweise sowie f\u00fcr Fremdeintr\u00e4ge in vom Autor eingerichteten G\u00e4steb\u00fcchern, Kommentaren, Diskussionsforen, Linkverzeichnissen, Mailinglisten und in allen anderen Formen von Datenbanken, auf deren Inhalt externe Schreibzugriffe m\u00f6glich sind. F\u00fcr illegale, fehlerhafte oder unvollst\u00e4ndige Inhalte und insbesondere f\u00fcr Sch\u00e4den, die aus der Nutzung oder Nichtnutzung solcherart dargebotener Informationen entstehen, haftet allein der Anbieter der Seite, auf welche verwiesen wurde, nicht derjenige, der \u00fcber Links auf die jeweilige Ver\u00f6ffentlichung lediglich verweist.<\/p>\n\n<p><strong>Urheberrecht<\/strong><\/p>\n\n<p>Der Autor ist bestrebt, in allen Publikationen die Urheberrechte der verwendeten Bilder, Grafiken, Tondokumente, Videosequenzen und Texte zu beachten, von ihm selbst erstellte Bilder, Grafiken, Tondokumente, Videosequenzen und Texte zu nutzen oder auf lizenzfreie Grafiken, Tondokumente, Videosequenzen und Texte zur\u00fcckzugreifen. Alle innerhalb des Internetangebotes genannten und ggf. durch Dritte gesch\u00fctzten Marken- und Warenzeichen unterliegen uneingeschr\u00e4nkt den Bestimmungen des jeweils g\u00fcltigen Kennzeichenrechts und den Besitzrechten der jeweiligen eingetragenen Eigent\u00fcmer. Sollten Sie dennoch auf eine Urheberrechtsverletzung aufmerksam werden, bitten wir um eine Benachrichtigung. Bei Kenntnis von Urheberrechtsverletzungen werden wir die betreffenden Inhalte umgehend entfernen. Allein aufgrund der blo\u00dfen Nennung ist nicht der Schluss zu ziehen, dass Markenzeichen nicht durch Rechte Dritter gesch\u00fctzt sind. Das Copyright f\u00fcr ver\u00f6ffentlichte, vom Autor selbst erstellte Objekte bleibt allein beim Autor der Seiten. Eine Vervielf\u00e4ltigung, Bearbeitung oder Verwendung solcher Fotos, Grafiken, Tondokumente, Videosequenzen und Texte in anderen elektronischen oder gedruckten Publikationen ist ohne ausdr\u00fcckliche Zustimmung des Fotografen, Autors bzw. Erstellers nicht gestattet.<\/p>\n\n<p><strong>Rechtswirksamkeit dieses Haftungsausschlusses<\/strong><\/p>\n\n<p>Dieser Haftungsausschluss ist als Teil des Internetangebotes zu betrachten, von dem aus auf diese Seite verwiesen wurde. Sofern Teile oder einzelne Formulierungen dieses Textes der geltenden Rechtslage nicht, nicht mehr oder nicht vollst\u00e4ndig entsprechen sollten, bleiben die \u00fcbrigen Teile des Dokumentes in ihrem Inhalt und ihrer G\u00fcltigkeit davon unber\u00fchrt.<\/p>\n\n<p><a title=\"Datenschutzerkl&#xE4;rung\" href=\"https:\/\/www.sardinien-insel.org\/datenschutzerklaerung\/\" target=\"_blank\" rel=\"noopener\"><strong>Datenschutzerkl\u00e4rung<\/strong><\/a><\/p>\n<!-- CONTENT END 1 -->\n","protected":false},"excerpt":{"rendered":"<p>Angaben gem\u00e4\u00df \u00a7 5 TMG gatreieF nomiS01 negnarsooM mAfrodnremmA 41609E-mail: gro.lesni-neinidras@ofniTel: 8199807 7219 94+ Vertreten durch: Simon Feiertag Kontakt:E-mail: gro.lesni-neinidras@ofniTel: 8199807 7219 94+ Umsatzsteuer-ID:Umsatzsteuer-Identifikationsnummer gem\u00e4\u00df \u00a727a Umsatzsteuergesetz: DE294392711 Verantwortlich f\u00fcr den Inhalt nach \u00a7 55 Abs. 2 RStV:gatreieF nomiS01 negnarsooM mAfrodnremmA 41609 Haftungsausschluss: Haftung f\u00fcr Inhalte des Onlineangebotes Die Inhalte unserer Internetseiten wurden mit gr\u00f6\u00dfter [&hellip;]<\/p>\n","protected":false},"author":2,"featured_media":0,"parent":0,"menu_order":0,"comment_status":"closed","ping_status":"closed","template":"","meta":{"_genesis_hide_title":false,"_genesis_hide_breadcrumbs":false,"_genesis_hide_singular_image":false,"_genesis_hide_footer_widgets":false,"_genesis_custom_body_class":"","_genesis_custom_post_class":"","_genesis_layout":"","yasr_overall_rating":0,"yasr_post_is_review":"","yasr_auto_insert_disabled":"","yasr_review_type":"","footnotes":""},"class_list":{"0":"post-1067","1":"page","2":"type-page","3":"status-publish","5":"entry"},"yasr_visitor_votes":{"stars_attributes":{"read_only":false,"span_bottom":false},"number_of_votes":0,"sum_votes":0},"featured_image_src":null,"featured_image_src_square":null,"_links":{"self":[{"href":"https:\/\/www.sardinien-insel.org\/en\/wp-json\/wp\/v2\/pages\/1067","targetHints":{"allow":["GET"]}}],"collection":[{"href":"https:\/\/www.sardinien-insel.org\/en\/wp-json\/wp\/v2\/pages"}],"about":[{"href":"https:\/\/www.sardinien-insel.org\/en\/wp-json\/wp\/v2\/types\/page"}],"author":[{"embeddable":true,"href":"https:\/\/www.sardinien-insel.org\/en\/wp-json\/wp\/v2\/users\/2"}],"replies":[{"embeddable":true,"href":"https:\/\/www.sardinien-insel.org\/en\/wp-json\/wp\/v2\/comments?post=1067"}],"version-history":[{"count":1,"href":"https:\/\/www.sardinien-insel.org\/en\/wp-json\/wp\/v2\/pages\/1067\/revisions"}],"predecessor-version":[{"id":1068,"href":"https:\/\/www.sardinien-insel.org\/en\/wp-json\/wp\/v2\/pages\/1067\/revisions\/1068"}],"wp:attachment":[{"href":"https:\/\/www.sardinien-insel.org\/en\/wp-json\/wp\/v2\/media?parent=1067"}],"curies":[{"name":"wp","href":"https:\/\/api.w.org\/{rel}","templated":true}]}}

<p>Angaben gemäß § 5 TMG</p><div class='code-block code-block-1' style='margin: 8px 0; clear: both;'>
<script async src="https://pagead2.googlesyndication.com/pagead/js/adsbygoogle.js?client=ca-pub-0730572463267591"
     crossorigin="anonymous"></script>
<!-- Sardinien-2024 -->
<ins class="adsbygoogle"
     style="display:block"
     data-ad-client="ca-pub-0730572463267591"
     data-ad-slot="2556027214"
     data-ad-format="auto"
     data-full-width-responsive="true"></ins>
<script>
     (adsbygoogle = window.adsbygoogle || []).push({});
</script></div>


<p><span style="unicode-bidi: bidi-override; direction: rtl;">gatreieF nomiS</span><br/><span style="unicode-bidi: bidi-override; direction: rtl;">01 negnarsooM mA</span><br/><span style="unicode-bidi: bidi-override; direction: rtl;">frodnremmA 41609</span><br/>E-mail: <span style="unicode-bidi: bidi-override; direction: rtl;">gro.lesni-neinidras@ofni</span><br/>Tel: <span style="unicode-bidi: bidi-override; direction: rtl;">8199807 7219 94+</span></p>

<p><strong>Vertreten durch: </strong><br/>Simon Feiertag</p>

<p><strong>Kontakt:</strong><br/>E-mail: <span style="unicode-bidi: bidi-override; direction: rtl;">gro.lesni-neinidras@ofni</span><br/>Tel: <span style="unicode-bidi: bidi-override; direction: rtl;">8199807 7219 94+</span></p>

<p><strong>Umsatzsteuer-ID:</strong><br/>Umsatzsteuer-Identifikationsnummer gemäß §27a Umsatzsteuergesetz: DE294392711</p>

<p><strong>Verantwortlich für den Inhalt nach § 55 Abs. 2 RStV:</strong><br/><span style="unicode-bidi: bidi-override; direction: rtl;">gatreieF nomiS</span><br/><span style="unicode-bidi: bidi-override; direction: rtl;">01 negnarsooM mA</span><br/><span style="unicode-bidi: bidi-override; direction: rtl;">frodnremmA 41609</span></p>

<p><strong>Haftungsausschluss: </strong></p>

<p><strong>Haftung für Inhalte des Onlineangebotes</strong></p>

<p>Die Inhalte unserer Internetseiten wurden mit größter Sorgfalt erstellt. Für die Richtigkeit, Vollständigkeit und Aktualität der Inhalte können wir jedoch keine Gewähr übernehmen. Als Diensteanbieter sind wir gemäß § 7 Abs.1 TMG für eigene Inhalte auf diesen Seiten nach den allgemeinen Gesetzen verantwortlich. Nach §§ 8 bis 10 TMG sind wir als Diensteanbieter jedoch nicht verpflichtet, übermittelte oder gespeicherte fremde Informationen zu überwachen oder nach Umständen zu forschen, die auf eine rechtswidrige Tätigkeit hinweisen. Verpflichtungen zur Entfernung oder Sperrung der Nutzung von Informationen nach den allgemeinen Gesetzen bleiben hiervon unberührt. Eine diesbezügliche Haftung ist jedoch erst ab dem Zeitpunkt der Kenntnis einer konkreten Rechtsverletzung möglich. Bei Bekanntwerden von entsprechenden Rechtsverletzungen werden wir diese Inhalte umgehend entfernen. Rechtsverletzungen werden wir diese Inhalte umgehend entfernen. Haftungsansprüche gegen den Autor, welche sich auf Schäden materieller oder ideeller Art beziehen, die durch die Nutzung oder Nichtnutzung der dargebotenen Informationen bzw. durch die Nutzung fehlerhafter und unvollständiger Informationen verursacht wurden, sind grundsätzlich ausgeschlossen. Alle Angebote sind freibleibend und unverbindlich. Der Autor behält es sich ausdrücklich vor, Teile der Seiten oder das gesamte Angebot ohne gesonderte Ankündigung zu verändern, zu ergänzen, zu löschen oder die Veröffentlichung zeitweise oder endgültig einzustellen.</p>

<p><strong>Links und Verweise</strong></p>

<p>Bei direkten oder indirekten Links (Hyperlinks) und oder Verweisen auf externe Webseiten Dritter, die außerhalb des Verantwortungsbereiches des Autors liegen, würde eine Haftungsverpflichtung ausschließlich in dem Fall in Kraft treten, in dem der Autor von den Inhalten Kenntnis hat und es ihm technisch möglich und zumutbar wäre, die Nutzung im Falle rechtswidriger Inhalte zu verhindern. Der Autor erklärt hiermit ausdrücklich, dass zum Zeitpunkt der Linksetzung keine illegalen Inhalte auf den zu verlinkenden Seiten erkennbar waren. Auf die aktuelle und zukünftige Gestaltung, die Inhalte oder die Urheberschaft der verlinkten und oder verknüpften Seiten hat der Autor keinerlei Einfluss. Deshalb distanziert er sich hiermit ausdrücklich von allen Inhalten aller verlinkten und oder verknüpften Internetseiten, die nach der Linksetzung verändert wurden. Diese Feststellung gilt für alle innerhalb des eigenen Internetangebotes gesetzten Links und Verweise sowie für Fremdeinträge in vom Autor eingerichteten Gästebüchern, Kommentaren, Diskussionsforen, Linkverzeichnissen, Mailinglisten und in allen anderen Formen von Datenbanken, auf deren Inhalt externe Schreibzugriffe möglich sind. Für illegale, fehlerhafte oder unvollständige Inhalte und insbesondere für Schäden, die aus der Nutzung oder Nichtnutzung solcherart dargebotener Informationen entstehen, haftet allein der Anbieter der Seite, auf welche verwiesen wurde, nicht derjenige, der über Links auf die jeweilige Veröffentlichung lediglich verweist.</p>

<p><strong>Urheberrecht</strong></p>

<p>Der Autor ist bestrebt, in allen Publikationen die Urheberrechte der verwendeten Bilder, Grafiken, Tondokumente, Videosequenzen und Texte zu beachten, von ihm selbst erstellte Bilder, Grafiken, Tondokumente, Videosequenzen und Texte zu nutzen oder auf lizenzfreie Grafiken, Tondokumente, Videosequenzen und Texte zurückzugreifen. Alle innerhalb des Internetangebotes genannten und ggf. durch Dritte geschützten Marken- und Warenzeichen unterliegen uneingeschränkt den Bestimmungen des jeweils gültigen Kennzeichenrechts und den Besitzrechten der jeweiligen eingetragenen Eigentümer. Sollten Sie dennoch auf eine Urheberrechtsverletzung aufmerksam werden, bitten wir um eine Benachrichtigung. Bei Kenntnis von Urheberrechtsverletzungen werden wir die betreffenden Inhalte umgehend entfernen. Allein aufgrund der bloßen Nennung ist nicht der Schluss zu ziehen, dass Markenzeichen nicht durch Rechte Dritter geschützt sind. Das Copyright für veröffentlichte, vom Autor selbst erstellte Objekte bleibt allein beim Autor der Seiten. Eine Vervielfältigung, Bearbeitung oder Verwendung solcher Fotos, Grafiken, Tondokumente, Videosequenzen und Texte in anderen elektronischen oder gedruckten Publikationen ist ohne ausdrückliche Zustimmung des Fotografen, Autors bzw. Erstellers nicht gestattet.</p>

<p><strong>Rechtswirksamkeit dieses Haftungsausschlusses</strong></p>

<p>Dieser Haftungsausschluss ist als Teil des Internetangebotes zu betrachten, von dem aus auf diese Seite verwiesen wurde. Sofern Teile oder einzelne Formulierungen dieses Textes der geltenden Rechtslage nicht, nicht mehr oder nicht vollständig entsprechen sollten, bleiben die übrigen Teile des Dokumentes in ihrem Inhalt und ihrer Gültigkeit davon unberührt.</p>

<p><a title="Datenschutzerkl&#xE4;rung" href="https://www.sardinien-insel.org/datenschutzerklaerung/" target="_blank" rel="noopener"><strong>Datenschutzerklärung</strong></a></p>
<!-- CONTENT END 1 -->

<p>Angaben gemäß § 5 TMG gatreieF nomiS01 negnarsooM mAfrodnremmA 41609E-mail: gro.lesni-neinidras@ofniTel: 8199807 7219 94+ Vertreten durch: Simon Feiertag Kontakt:E-mail: gro.lesni-neinidras@ofniTel: 8199807 7219 94+ Umsatzsteuer-ID:Umsatzsteuer-Identifikationsnummer gemäß §27a Umsatzsteuergesetz: DE294392711 Verantwortlich für den Inhalt nach § 55 Abs. 2 RStV:gatreieF nomiS01 negnarsooM mAfrodnremmA 41609 Haftungsausschluss: Haftung für Inhalte des Onlineangebotes Die Inhalte unserer Internetseiten wurden mit größter [&hellip;]</p>
